{"id":420,"date":"2022-12-15T08:48:40","date_gmt":"2022-12-15T08:48:40","guid":{"rendered":"http:\/\/www.xn--tmbekapp-e4a.ee\/?page_id=420"},"modified":"2024-12-01T08:10:02","modified_gmt":"2024-12-01T08:10:02","slug":"arhitektile-projekteerijale","status":"publish","type":"page","link":"https:\/\/www.xn--tmbekapp-e4a.ee\/index.php\/arhitektile-projekteerijale\/","title":{"rendered":"Arhitektile \/Projekteerijale"},"content":{"rendered":"\n<p>T\u00f5mbekapp ei ole kapp millega saab toimetada nii nagu p\u00e4he tuleb. Eelk\u00f5ige on tegemist ohutusseadmega millel on oma ehituslikud  ja ohutus standardid.  Reeglid mille j\u00e4rgimisel saab v\u00e4ita, et t\u00f5esti on tegemist t\u00f5mbekapiga. Demonstratsiooni t\u00f5mbekapp on m\u00f5eldud katsete ohutuks l\u00e4biviimiseks ja \u00f5pilastele maksimaalselt parema vaate tagamiseks. Sellep\u00e4rast ei ole m\u00f5istlik teda projekteerida ruumi nurka kus l\u00e4heb kaduma 1-2 k\u00fclge kus saaks katseid j\u00e4lgida.  Veelgi keerulisem on olukord siis kui \u00fcks laiemast k\u00fcljest pannakse vastu seina. Siis tekkib olukord kus \u00f5petaja on katsete tegemise ajal \u00f5pilaste poole seljaga. Tema ei n\u00e4e mis klassis toimub ja \u00f5pilased ei n\u00e4e mis toimub t\u00f5mbekapis. Kui ruumi ei ole, siis aitab h\u00e4dast v\u00e4lja ratastega t\u00f5mbekapp. Katsete ajal saab selle nurgast v\u00e4lja l\u00fckata. Ratastega t\u00f5mbekapis saab kasutada k\u00f5iki kommunikatsioone mis statsionaarse demonstratsioni t\u00f5mbekapi puhul. Mobiilse t\u00f5mbekapi korral on kommunikatsioonid kiirliidetega. Maja poolsed kommunikatsioonid v\u00f5ivad paikneda seina \u00e4\u00e4res v\u00f5i lae konsoolis. Kaasaegsed lahendused v\u00f5imaldavad ka kanalisatsiooni vee lae konsooli kaudu \u00e4ra juhtida.<\/p>\n\n\n\n<p>K\u00f5ik t\u00f5mbekapi t\u00f6\u00f6kambri sees olevaid kommunikatsioone peab saama juhtida v\u00e4ljas poolt. See t\u00e4hendab, et elektripistikute sisse &#8211; ja v\u00e4lja l\u00fclitamine peab toimuma v\u00e4ljaspoolt, vee kraanid asuvad esipaneeli, integreeritud pliidi juhtimine toimub esipaneelilt mitte pliidi juurest. Kui kasutatakse videokaamerat, siis seegi peab paiknema t\u00f6\u00f6kambrist v\u00e4ljas pool.<\/p>\n\n\n\n<p>T\u00f5mbekapil on alati \u00fcks liikuv esiaken. Kaasaegsetel t\u00f5mbekappidel on see reeglina raamiga. Ainult lahtine klaas ei ole t\u00f5mbekapi esiaknana ohutu. Veelgi problemaatilisem on olukord kui klaas liigub kergesti sulavast materjalist valmistatud soones. Raami sees kasutatakse horisontaalselt liikuvaid k\u00fclg aknaid. T\u00f5mbekapi esiaknal on sees pool pritsmekaitse, et klaasile sattunud kemikaal ei valguks p\u00f5randale. <\/p>\n\n\n\n<p>Kui kavandatakse ka vastas poole liikuvat esiakent, siis ei ole enam tegemist t\u00f5mbekapiga ja v\u00f5ib vabalt sellelt kodulehelt lahkuda.<\/p>\n\n\n\n<p>T\u00e4iendava informatisooni ja materjalide saamiseks kirjuta labor@athla.ee<\/p>\n\n\n\n<p><\/p>\n\n\n\n<p><\/p>\n\n\n\n<p><\/p>\n\n\n\n<p><\/p>\n\n\n\n<div class=\"wp-block-file\"><a id=\"wp-block-file--media-2c5bb9ed-a491-45d0-89c8-3ea264a4576b\" href=\"https:\/\/www.xn--tmbekapp-e4a.ee\/wp-content\/uploads\/2022\/12\/Kooli-demonstratsiooni-t\u00f5mbekapi-tehniline-kirjeldus.docx\">&#8211; <strong><em>Kooli-demonstratsiooni-t\u00f5mbekapi-tehniline-kirjeldus<\/em><\/strong><\/a><\/div>\n\n\n\n<div class=\"wp-block-file\"><a id=\"wp-block-file--media-30f817e8-0ac9-4725-8fcf-77de181470b0\" href=\"https:\/\/www.xn--tmbekapp-e4a.ee\/wp-content\/uploads\/2022\/12\/T\u00f5mbekappide-automaatika.pdf\">&#8211; <strong><em>T\u00f5mbekappide-automaatika<\/em><\/strong><\/a><\/div>\n\n\n\n<div class=\"wp-block-file\"><a id=\"wp-block-file--media-1f3de363-fe33-4fc9-a024-39b30571a8ad\" href=\"https:\/\/www.xn--tmbekapp-e4a.ee\/wp-content\/uploads\/2022\/12\/Kooli-t\u00f5mbekapi-esiklaasi-variandid.pdf\">&#8211; <strong><em>Kooli-t\u00f5mbekapi-esiklaasi-variandid<\/em><\/strong><\/a><\/div>\n","protected":false},"excerpt":{"rendered":"<p>T\u00f5mbekapp ei ole kapp millega saab toimetada nii nagu p\u00e4he tuleb. Eelk\u00f5ige on tegemist ohutusseadmega millel on oma ehituslikud ja ohutus standardid. Reeglid mille j\u00e4rgimisel saab v\u00e4ita, et t\u00f5esti on tegemist t\u00f5mbekapiga. Demonstratsiooni t\u00f5mbekapp on m\u00f5eldud katsete ohutuks l\u00e4biviimiseks ja \u00f5pilastele maksimaalselt parema vaate tagamiseks. Sellep\u00e4rast ei ole m\u00f5istlik teda projekteerida ruumi nurka kus l\u00e4heb [&hellip;]<\/p>\n","protected":false},"author":1,"featured_media":0,"parent":0,"menu_order":0,"comment_status":"closed","ping_status":"closed","template":"","meta":{"footnotes":""},"_links":{"self":[{"href":"https:\/\/www.xn--tmbekapp-e4a.ee\/index.php\/wp-json\/wp\/v2\/pages\/420"}],"collection":[{"href":"https:\/\/www.xn--tmbekapp-e4a.ee\/index.php\/wp-json\/wp\/v2\/pages"}],"about":[{"href":"https:\/\/www.xn--tmbekapp-e4a.ee\/index.php\/wp-json\/wp\/v2\/types\/page"}],"author":[{"embeddable":true,"href":"https:\/\/www.xn--tmbekapp-e4a.ee\/index.php\/wp-json\/wp\/v2\/users\/1"}],"replies":[{"embeddable":true,"href":"https:\/\/www.xn--tmbekapp-e4a.ee\/index.php\/wp-json\/wp\/v2\/comments?post=420"}],"version-history":[{"count":5,"href":"https:\/\/www.xn--tmbekapp-e4a.ee\/index.php\/wp-json\/wp\/v2\/pages\/420\/revisions"}],"predecessor-version":[{"id":618,"href":"https:\/\/www.xn--tmbekapp-e4a.ee\/index.php\/wp-json\/wp\/v2\/pages\/420\/revisions\/618"}],"wp:attachment":[{"href":"https:\/\/www.xn--tmbekapp-e4a.ee\/index.php\/wp-json\/wp\/v2\/media?parent=420"}],"curies":[{"name":"wp","href":"https:\/\/api.w.org\/{rel}","templated":true}]}}